 -1). Suppose v = -5*t - 3 - 7, 166 = -4*b - t. Let m = b - -67. What is the tens digit of m?
2
Let u = 56 - 48. Let p(c) = c**2 - 10*c + 8. Let o be p(u). What is the tens digit of (-746)/o + (3/(-12) - 0)?
9
What is the tens digit of (-13506 - -369)*(-1 + 0)?
3
Let v(s) = 31*s**2 + 3*s - 56. What is the thousands digit of v(-6)?
1
Let o = 135715 + -93501. What is the thousands digit of o?
2
Suppose -2*b - 3*b = b. Suppose 2*k - 4 = 2*s, 2*s + 3*k - 4*k = b. What is the units digit of s/(-11) + (-870)/(-66)?
3
Let g = 3991 + 27512. What is the thousands digit of g?
1
Suppose -4*q + 90450 = 10*q - 4*q. What is the hundreds digit of q?
0
Let p(a) = -6*a**2 + 33*a - 1. Let i(q) = -5*q**2 + 34*q - 1. Let n(u) = -3*i(u) + 2*p(u). What is the tens digit of n(17)?
5
Suppose 401*z = 404*z, -2*p + 71734 = 3*z. What is the thousands digit of p?
5
Let a(h) = 1405*h**3 + h**2 - h + 1. Suppose -9*r - 7 = -16*r. What is the hundreds digit of a(r)?
4
Let u(p) = 212*p**2 + 22*p - 45. What is the units digit of u(3)?
9
Suppose 20*r - 217934 = 94966. What is the units digit of r?
5
Suppose -a - 339 = -4*h, 0*a = -3*h - a + 249. Suppose 0 = -54*c + 47*c + h. Suppose 0 = c*u - 887 - 1393. What is the units digit of u?
0
Suppose -63 = -2*u - 39. What is the units digit of 3228/u - (-6 - 0)?
5
What is the units digit of (-18)/15*187125/(-150)?
7
Suppose -3*i + 7 = -3*k + i, -k = 4*i - 19. Let g be k/5 - (4 - 108/20). Suppose q = -2*q - g*z + 247, 5*q = 2*z + 433. What is the units digit of q?
5
What is the thousands digit of 15/(-5)*1 - 19029/(-3)?
6
Let q = 42689 - 18245. What is the ten thousands digit of q?
2
Let f = -112832 + 200923. What is the tens digit of f?
9
Suppose -68*m + 22*m = 83*m - 1451895. What is the units digit of m?
5
Suppose 2*l + 3*q - 7117 = 1064, 5*l - 4*q - 20418 = 0. What is the units digit of l?
6
Let n(l) = 2*l**2 - 5*l - 222. Let i be n(20). Suppose -7*s + i + 292 = 0. What is the hundreds digit of s?
1
Let f = 180 + -430. Let q = 384 + f. What is the units digit of q?
4
Let m(x) = -144*x - 39. Suppose -4*z - 4*n = 5 + 27, 5*z - n = -10. What is the units digit of m(z)?
3
Let q(o) = -o**3 + o**2 + 9*o + 2. Let j be q(-4). Suppose -j*n + 37*n = -1152. What is the tens digit of n?
2
What is the units digit of (-390)/(-117) - 2288/(-3)?
6
Let g be (-3 - -4)/((-3)/9). What is the units digit of g/2*80/(-30)?
4
Suppose 57 = 3*x - 3*q, 4*q + 64 = 5*x - 36. Let r be x - 0 - 76/19. Suppose 0*a + 62 = 3*d + 5*a, d + 2*a = r. What is the tens digit of d?
2
Let s = 3190 + 1113. What is the hundreds digit of s?
3
Suppose 3*d + 5*m - 388 = 0, 12*d - 260 = 10*d - 2*m. What is the hundreds digit of d?
1
Let l be 3*(-60)/9*(-1)/5. Suppose l*w = 2761 - 469. What is the hundreds digit of w?
5
Suppose 2*k = 2*x + 7*k - 91, -2*x + 82 = 2*k. Suppose 2*s - 2*j = -s + 23, -x = -4*s - j. Suppose 11*z = s*z + 144. What is the units digit of z?
2
Let p(h) = -h**3 - 18*h**2 + h + 31. Let o be p(-19). Suppose 240 = -o*n + 377*n. What is the units digit of n?
0
Suppose 9*y - 6*y = 27*y - 64560. What is the thousands digit of y?
2
What is the hundreds digit of (148/10 + -14)/((-6)/(-24585))?
2
Let w(n) = 13*n + 5. Let a = 66 - 55. Suppose a = -6*y + 7*y. What is the tens digit of w(y)?
4
Let l(i) = -i**3 - 8*i**2 - 6*i - 19. Let k = 40 - 55. Let v be -3*5/(k/(-8)). What is the tens digit of l(v)?
2
Suppose -3 = -12*k + 21. Suppose -3*h + 4*h = 2*z + 4, -k*h - 10 = 5*z. Suppose -2*g + 4*g + 3*u - 101 = h, 190 = 4*g + 2*u. What is the tens digit of g?
4
Suppose 0 = 7*q - 13510 - 18067. What is the tens digit of q?
1
Suppose m + d + 17 = 6*d, -3*d = m - 15. Suppose 0 = m*s + 4*r - 2266, -r - 23 = -24. What is the hundreds digit of s?
7
Let r = 16127 + -10365. What is the units digit of r?
2
Let j be ((-4)/8)/(6/(-24)). Suppose -22*v + 20*v = -2*g - 3744, 0 = -4*v - j*g + 7464. What is the thousands digit of v?
1
Suppose j + 16 - 18 = 0. Let o(q) = 2*q**2 + 4*q**2 + 6 + q + 2 - j. What is the hundreds digit of o(4)?
1
Let y(q) = 2124*q - 1698. What is the tens digit of y(17)?
1
Suppose 0 = -2*p + 6 + 4. Suppose m = 3*m + 3*r - 466, -5*m - p*r = -1165. Let j = -100 + m. What is the hundreds digit of j?
1
Suppose -84 = -4*i + 2*u + 4, -5*i - 4*u = -136. Suppose 21*o + 1323 = i*o. What is the units digit of o?
1
Let s = -68453 - -102428. What is the units digit of s?
5
Let r = 119 + -288. Let i = r + 646. What is the tens digit of i?
7
Let q = -1 - -3. Let d be 2*((-5)/q + 2). What is the units digit of (d - -89)*(-8)/(-16)?
4
Let r(d) = -d**2 - 17*d + 37. Let y be r(10). Let b = 331 + y. What is the tens digit of b?
9
Let v be ((-7)/21)/(2/(-6)) - 203. Let z = v + 387. Suppose 2*d - 3*r = 176, -5*d - 3*r + 297 + z = 0. What is the units digit of d?
4
Let g(d) = -2*d**3 + 29*d**2 + 20*d + 21. Let n(z) = z**3 - 2*z**2 + z + 3. Let y be n(3). What is the tens digit of g(y)?
9
Let k = 4984 - 1978. Let g = k + -1746. What is the thousands digit of g?
1
Suppose -496*b + 87642 = -490*b. What is the hundreds digit of b?
6
What is the hundreds digit of (-5721)/((5964/(-658) - -14) + 10/(-2))?
6
Suppose 0 = -5*y + y + 5909 + 17235. What is the units digit of y?
6
Suppose 4*u - 55350 = -24295 + 42389. What is the units digit of u?
1
Let x(o) = o**3 - 31*o**2 + 51*o + 56. Let c be x(29). What is the units digit of 7736/12 + (-28)/c*7?
6
Suppose 0 = 12*m - 7*m + z - 1207, -4*m - z = -966. What is the hundreds digit of -4 + 2 + 7 + m?
2
Suppose -61*f + 70*f - 1633828 = -77*f. What is the ten thousands digit of f?
1
Suppose 13*u - 14*y = -10*y + 145182, 0 = 5*u + 3*y - 55812. What is the hundreds digit of u?
1
Suppose 22*t - 17*t + 2*i - 72727 = 0, -9*t - 5*i = -130903. What is the ten thousands digit of t?
1
Let n(r) = -4*r - 11. Let j be n(24). Let a = 582 + j. What is the tens digit of a?
7
Let r(j) = j**3 + 7*j**2 + 5*j + 11. Let n be r(-6). Suppose -11284 = -n*l - 14*l. What is the hundreds digit of l?
3
Let c be (-1)/(2 + 15/(-6)). Let z(a) = 11 + a**3 - 13*a**c - 2*a**3 - 6*a + 3*a**2 + 0*a**3. What is the units digit of z(-10)?
1
Suppose -3*s + p = -156536, 180*p - 183*p + 3 = 0. What is the thousands digit of s?
2
Let v = -535 + 536. Let s(b) = 741*b**3 - 2*b**2 - b + 2. What is the tens digit of s(v)?
4
Let x(s) be the second derivative of s**7/420 + s**6/90 - s**4/6 + 2*s**3/3 + 16*s. Let k(b) be the second derivative of x(b). What is the units digit of k(3)?
6
Let b(x) = -x**3 - 10*x**2 - 2*x - 22. Suppose -2*i - n + 8 = 0, 4*n = 3*i - 21 + 9. Suppose 9*y = -i*y - 143. What is the units digit of b(y)?
1
Let s = 60 - 66. Let f be (6/4)/((-2)/(-32)*s). What is the tens digit of (-2 + 8 + f)*47?
9
Let h(g) = -81*g + 5. Let j(l) = l + 10. Let k be j(-11). Let o be h(k). Suppose 3*u + 89 = x + 323, -3*x - o = -u. What is the units digit of u?
7
Let z(s) be the third derivative of -s**6/60 + 7*s**5/10 + 17*s**4/24 - 10*s**3/3 + 16*s**2. What is the units digit of z(21)?
7
Let h(v) be the second derivative of v**3/6 - 111*v**2/2 - 3*v. Let k be h(0). Let g = k - -202. What is the tens digit of g?
9
Let q(g) = -260*g + 4388. What is the hundreds digit of q(12)?
2
Suppose -100890 = -14*s - 10296. What is the hundreds digit of s?
4
Suppose 231538 - 103540 = 52*c - 468910. What is the thousands digit of c?
1
Suppose -145360 = -13*i - 26*i - 7*i. What is the thousands digit of i?
3
Suppose -50*u + 7399 = -290651. What is the thousands digit of u?
5
Suppose 0 = -3*s - 2*h + 4, 0 = 3*s - 2*h - 2*h - 28. Let t(w) = 3*w**2 + 3*w + 4. Let u be t(s). Let m = u - 18. What is the units digit of m?
6
Let c(h) = -h**3 + 13*h**2 - 4*h + 8. Let j be c(13). Let t = j - -74. What is the tens digit of t?
3
Let o(m) = -9*m - 2. Let s be o(-2). What is the tens digit of 27164/s + 15/(-20)?
9
Suppose -92*z - 40 = -100*z. Suppose z*d = y + 3*y - 1236, 0 = 3*y + d - 946. What is the tens digit of y?
1
Let a(h) = -1136*h**3 + 23*h**2 + 22*h - 1. What is the thousands digit of a(-1)?
1
Let r = 83 - 42. Suppose -q + r = -8. Let c = q + -21. What is the units digit of c?
8
Let s(j) = j**2 - 15*j + 29. Let h be s(13). Suppose 3*b - 144 = -2*y, h*y + b - 221 = -b. What is the units digit of y?
5
Suppose -8*k = -19*k. Suppose k = -10*y + 3*y + 28. Suppose y*w + w - 2*t = 364, -5*w = t - 373. What is the ten